{"id":281,"date":"2019-03-17T20:27:09","date_gmt":"2019-03-17T19:27:09","guid":{"rendered":"https:\/\/lesamisduspluc.be\/?page_id=281"},"modified":"2019-04-02T22:10:46","modified_gmt":"2019-04-02T20:10:46","slug":"notre-paroisse-et-notre-eglise","status":"publish","type":"page","link":"https:\/\/lesamisduspluc.be\/index.php\/notre-paroisse-et-notre-eglise\/","title":{"rendered":"Notre paroisse et notre \u00e9glise"},"content":{"rendered":"\n<p class=\"has-medium-font-size\"><strong>En\ntant que <\/strong><strong>paroissiens<\/strong>, nous sommes tr\u00e8s inquiets et vous\nfaisons part des r\u00e9flexions suivantes.<\/p>\n\n\n\n<p class=\"has-medium-font-size\">&#8211;\nNous aimons cette \u00e9glise et y sommes tr\u00e8s attach\u00e9s. Beaucoup y ont\n\u00e9t\u00e9 baptis\u00e9s, confirm\u00e9s, mari\u00e9s, ou ont des membres de la\nfamille dont les fun\u00e9railles y ont \u00e9t\u00e9 c\u00e9l\u00e9br\u00e9es. Des\nc\u00e9r\u00e9monies de fun\u00e9railles de nos soldats morts durant la guerre\n14-18 y ont toujours leur plaque comm\u00e9morative, diff\u00e9rentes\nc\u00e9r\u00e9monies comm\u00e9moratives y ayant \u00e9t\u00e9 c\u00e9l\u00e9br\u00e9es.<\/p>\n\n\n\n<p class=\"has-medium-font-size\">Sans tomber dans le sentimentalisme, il y r\u00e8gne un esprit de pri\u00e8re et de consolation que nous ne trouvons pas ailleurs. Les paroissiens, les chr\u00e9tiens en g\u00e9n\u00e9ral pr\u00e9f\u00e8rent participer \u00e0 des messes dans des endroits priants et le Spluc en est un. On y trouve beaucoup de statues aux pieds desquelles beaucoup font leurs d\u00e9votions, et la communaut\u00e9 y est vivante, chaleureuse, accueillante et solidaire.<\/p>\n\n\n\n<p class=\"has-medium-font-size\">\n&#8211;\nS\u2019il y a fermeture de l\u2019\u00e9glise, beaucoup de paroissiens ne se\nretrouveront pas dans une autre paroisse. Certains plus \u00e2g\u00e9s ne\ncontinueront probablement plus \u00e0 aller \u00e0 la messe, ils se\ncontenteront de la messe t\u00e9l\u00e9vis\u00e9e. Est-ce n\u00e9cessaire de chasser\ndes paroissiens de leur lieu de culte ?<\/p>\n\n\n\n<p class=\"has-medium-font-size\">&#8211;\nNotre\n\u00e9glise serait d\u00e9saffect\u00e9e&nbsp;? Quid alors des 80 paroissiens en\nmoyenne chaque week-end ? Et de\nnos 19 chanteurs qui r\u00e9p\u00e8tent chaque mercredi et se partagent les\nmesses du week-end&nbsp;? Et\nde l\u2019assistance de plus ou moins 20 personnes aux messes de\nsemaine, chapelet\net adoration&nbsp;?\nSans parler de l\u2019animation adapt\u00e9e aux enfants, des nombreux\nb\u00e9n\u00e9voles pour les repas et pour le go\u00fbter de l\u2019Epiphanie, des\nmembres de la L\u00e9gion de Marie, de l\u2019\u00e9quipe des lecteurs de la\nParole et des annonciateurs \u00e0 la fin des messes. Le\nSpluc est\nune des seules paroisses \u00e0 disposer de\nson\nsite Internet propre.<\/p>\n\n\n\n<p class=\"has-medium-font-size\">\nIl\nfaut tenir compte aussi de tous les visiteurs occasionnels pour qui\nle Saint S\u00e9pulcre est un rep\u00e8re important.<\/p>\n\n\n\n<p class=\"has-medium-font-size\">&#8211;\nDes paroissiens ont pris sur leur temps et leur argent pour r\u00e9nover\nla chapelle de semaine, et ce encore en juillet 2017 ! Les\nparoissiens du\nSt S\u00e9pulcre\nont\ntoujours fait\nbeaucoup pour leur\n\u00e9glise\net\nde\nfa\u00e7on non\nostentatoire.<\/p>\n\n\n\n<p class=\"has-medium-font-size\">Des\nrepas de paroisse ont \u00e9t\u00e9 organis\u00e9s chaque ann\u00e9e depuis 1996\n(arriv\u00e9e du p\u00e8re Joseph Muaka) en vue de la restauration de\nl\u2019\u00e9glise.<\/p>\n\n\n\n<p class=\"has-medium-font-size\">La\nrestauration du toit en 1995, le remplacement de la chaudi\u00e8re en\n2000 (enti\u00e8rement avec les deniers des paroissiens), la restauration\ndes murs ext\u00e9rieurs de 2002 \u00e0 2005 auraient donc \u00e9t\u00e9 r\u00e9alis\u00e9s\npour RIEN ?<\/p>\n\n\n\n<p class=\"has-medium-font-size\">&#8211;\nNous pensons que restaurer\ncette\n\u00e9glise pour qu\u2019elle garde sa\nvocation spirituelle et culturelle co\u00fbtera bien moins cher \u00e0 la\ncollectivit\u00e9 que de la\nvendre\npour en\nconstruire une autre dans\nle nouveau quartier du Petit Baulers, surtout\nsi on tient compte de\nremboursements\n\u00e9ventuels\nd\u00fbs\npour des\nfrais\nde restauration d\u00e9j\u00e0 engag\u00e9s. Apr\u00e8s\nla vente du Saint S\u00e9pulcre, restera-t-il suffisamment d\u2019argent\npour de nouvelles d\u00e9penses de la Fabrique (Petit Baulers et\nautres)\n? \n<\/p>\n\n\n\n<p class=\"has-medium-font-size\">Plus\nfondamentalement, cela\na-t-il un sens de d\u00e9tricoter une communaut\u00e9 paroissiale pour en\ncr\u00e9er une autre, et cela sans l\u2019avis des principaux int\u00e9ress\u00e9s ?<\/p>\n\n\n\n<p class=\"has-medium-font-size\">Le\npetit Baulers correspond \u00e0 un besoin pastoral, on le comprend, mais\nce n&rsquo;est pas en d\u00e9cousant \/ d\u00e9truisant une\nparoisse \/ une\ncommunaut\u00e9\n\/ une\n\u00e9glise\nqu&rsquo;on arrivera \u00e0 en\nconstruire\nune autre.<\/p>\n\n\n\n<p class=\"has-medium-font-size\">\nNous\nne sommes bien entendu pas oppos\u00e9s au projet de construction d\u2019une\nnouvelle \u00e9glise au Petit Baulers, fut-elle m\u00eame un bloc de b\u00e9ton\nsans \u00e2me ni signe ostensible, ni oppos\u00e9s \u00e0 votre projet de\nrestauration du presbyt\u00e8re de la rue de Namur, mais pas au d\u00e9triment\nde notre \u00e9glise paroissiale.<\/p>\n\n\n\n<p class=\"has-medium-font-size\">&#8211;\n\u00ab&nbsp;Allez\nvers les p\u00e9riph\u00e9ries&nbsp;\u00bb nous dit Fran\u00e7ois. Et\nnous centrerions tout sur la Coll\u00e9giale&nbsp;? Il\ny aurait trop d\u2019\u00e9glises au km\u00b2 \u00e0 Nivelles&nbsp;? Cet argument\npris isol\u00e9ment ne tient pas. Il faudrait alors supprimer beaucoup\nd\u2019\u00e9glises. Notre \u00e9glise serait trop co\u00fbteuse pour la\ncommunaut\u00e9&nbsp;?&nbsp;Nous demandons \u00e0 voir et \u00e0 comparer les\nco\u00fbts. Il\nne faudrait pas non plus user de l\u2019encyclique \u00ab&nbsp;Laudato Si&nbsp;\u00bb\ndu pape Fran\u00e7ois pour justifier d\u2019\u00e9conomies et perdre le\ncaract\u00e8re int\u00e9gral de l\u2019\u00e9cologie qu\u2019il nous enseigne.<\/p>\n\n\n\n<p class=\"has-medium-font-size\">&#8211;\nOn\npourrait comprendre la fermeture si l\u2019\u00e9glise\nposait\nun danger pour les fid\u00e8les, et\ns&rsquo;il\nn&rsquo;y avait plus personne.\nOr il n&rsquo;en est rien&nbsp;! L\u2019\u00e9glise\nest\nvivante, et peut \u00eatre r\u00e9par\u00e9e. En\nr\u00e9f\u00e9rence au canon\n1222, CIC\/1983,\nnotre \u00e9glise peut servir et sert au culte divin, il est possible de\nla r\u00e9parer, il n\u2019y a aucune autre cause grave \u00e0 \u00e9voquer, et il\nserait risqu\u00e9 et hasardeux d\u2019affirmer que le bien des \u00e2mes ne\nsubisse aucun dommage en cas de d\u00e9sacralisation.<\/p>\n\n\n\n<p class=\"has-medium-font-size\">Pour\nrappel, \n<\/p>\n\n\n\n<p>\n\u00a71.\nSi une \u00e9glise ne peut en aucune mani\u00e8re servir au culte divin et\nqu\u2019il n\u2019est pas possible de la r\u00e9parer, elle peut \u00eatre r\u00e9duite\npar l\u2019\u00c9v\u00eaque dioc\u00e9sain \u00e0 un usage profane qui ne soit pas\ninconvenant.<\/p>\n\n\n\n<p>\n\u00a72.\nL\u00e0 o\u00f9 d\u2019autres causes graves conseillent qu\u2019une \u00e9glise ne\nserve plus au culte divin, l\u2019\u00c9v\u00eaque dioc\u00e9sain, apr\u00e8s avoir\nentendu le conseil presbyt\u00e9ral, avec le consentement de ceux qui\nrevendiquent l\u00e9gitimement leurs droits sur cette \u00e9glise et pourvu\nque le bien des \u00e2mes n\u2019en subisse aucun dommage, peut la r\u00e9duire\n\u00e0 un usage profane qui ne soit pas inconvenant.<\/p>\n\n\n\n<p class=\"has-medium-font-size\">&#8211; Sachant que notre \u00e9glise a \u00e9t\u00e9 construite sur un terrain objet d\u2019une \u00ab donation faite \u00e0 charge d\u2019\u00e9rection d\u2019une \u00e9glise en lieu et place de celle existant (\u00e0 l\u2019\u00e9poque) faubourg de Namur et destin\u00e9e \u00e0 devenir l\u2019\u00e9glise paroissiale du st S\u00e9pulcre \u00bb, l&rsquo;Eglise se risquera-t-Elle \u00e0 aller \u00e0 l\u2019encontre des souhaits d\u2019un donateur d\u00e9funt ? Que penseront alors les futurs donateurs potentiels si l\u2019\u00c9glise fait fi de leur volont\u00e9 ?<\/p>\n\n\n\n<p class=\"has-medium-font-size\"> Certes, diront certains avec l\u00e9g\u00e8ret\u00e9, la donation a eu lieu puisque l\u2019\u00e9glise est construite. Mais quels arguments peut-on avancer maintenant pour justifier la d\u00e9sacralisation de l\u2019\u00e9glise ? L\u2019intention \u00e0 l\u2019\u00e9poque de la donation (la foi \u00e9tait plus vive en ces temps lointains) \u00e9tait clairement d\u2019y faire c\u00e9l\u00e9brer les sacrements et d\u2019y d\u00e9velopper la vie paroissiale. L\u2019intention n\u2019\u00e9tait pas de la construire pour la d\u00e9truire aussit\u00f4t ou \u00e0 un horizon lointain \u00e0 la moindre survenue d\u2019un \u00e9v\u00e9nement ou d\u2019un changement d\u2019orientation. Cette donation est par ailleurs li\u00e9e au quartier et explicitement aff\u00e9rente \u00e0 la donation corollaire envers la Ville.<\/p>\n\n\n\n<p class=\"has-medium-font-size\">&#8211; Nous regrettons profond\u00e9ment de devoir constater qu\u2019un travail de pr\u00e9paration \u00e0 la vente s\u2019est fait et continue \u00e0 se faire dans le dos des paroissiens concernant leur propre \u00e9glise. Seules des d\u00e9cisions prises dans la coll\u00e9gialit\u00e9, la consultation, la transparence, le respect mutuel, la concertation permettent d\u2019\u00e9viter des initiatives trop personnelles qui se prennent au d\u00e9triment du bien commun.<\/p>\n\n\n\n<p class=\"has-medium-font-size\">&#8211; Nous demandons que l&rsquo;on nous donne l\u2019occasion et suffisamment de temps (il n\u2019y a aucune urgence \u00e0 vendre notre \u00e9glise, la construction de la nouvelle \u00e9glise au Petit Baulers peut tr\u00e8s bien attendre, nous ne sommes m\u00eame pas certains qu\u2019il y ait une r\u00e9elle demande, aucune \u00e9tude n\u2019ayant apparemment \u00e9t\u00e9 faite en vue d\u2019en d\u00e9montrer l\u2019opportunit\u00e9) pour r\u00e9fl\u00e9chir ensemble et pouvoir proposer un projet de pastorale sp\u00e9ciale pour notre Spluc, et pour trouver une solution financi\u00e8re pour la restauration de l\u2019\u00e9difice. Des id\u00e9es et projets existent en vue de pr\u00e9server tout ou partie de la finalit\u00e9 (destination) originelle de l\u2019\u00e9glise et ne demandent qu\u2019\u00e0 \u00e9clore. Nous demandons le temps pour les valider et les proposer.<\/p>\n\n\n\n<p class=\"has-medium-font-size\">\u00ab&nbsp;Le\nd\u00e9mant\u00e8lement ne doit pas \u00eatre la premi\u00e8re et unique solution \u00e0\nlaquelle penser&nbsp;\u00bb, pr\u00e9cise le Saint-P\u00e8re lors du r\u00e9cent\ncongr\u00e8s des 29 et 30 novembre 2018. La construction d\u2019appartements\net garages est \u00e0 \u00e9viter absolument.<\/p>\n\n\n\n<p class=\"has-medium-font-size\">\u00ab&nbsp;Tous\ndisciples en mission, l\u2019audace d\u2019une conversion&nbsp;\u00bb th\u00e8me\ncher aux \u00e9v\u00eaques de Belgique pour l\u2019ann\u00e9e pastorale 2018-2019,\net nous irions fermer notre \u00e9glise&nbsp;!&nbsp;??? Le Saint\nS\u00e9pulcre, le lieu du premier envoi en mission, Saint Paul le\nmissionnaire par excellence, et Notre-Dame la premi\u00e8re en chemin&nbsp;!\nNous avons tout pour faire de notre Spluc le poumon de cette mission.<\/p>\n","protected":false},"excerpt":{"rendered":"<p>En tant que paroissiens, nous sommes tr\u00e8s inquiets et vous faisons part des r\u00e9flexions suivantes. &#8211; Nous aimons cette \u00e9glise et y sommes tr\u00e8s attach\u00e9s. Beaucoup y ont \u00e9t\u00e9 baptis\u00e9s, confirm\u00e9s, mari\u00e9s, ou ont des membres de la famille dont les fun\u00e9railles y ont \u00e9t\u00e9 c\u00e9l\u00e9br\u00e9es. Des c\u00e9r\u00e9monies de fun\u00e9railles de nos soldats morts durant [&hellip;]<\/p>\n","protected":false},"author":1,"featured_media":0,"parent":0,"menu_order":0,"comment_status":"closed","ping_status":"closed","template":"","meta":[],"_links":{"self":[{"href":"https:\/\/lesamisduspluc.be\/index.php\/wp-json\/wp\/v2\/pages\/281"}],"collection":[{"href":"https:\/\/lesamisduspluc.be\/index.php\/wp-json\/wp\/v2\/pages"}],"about":[{"href":"https:\/\/lesamisduspluc.be\/index.php\/wp-json\/wp\/v2\/types\/page"}],"author":[{"embeddable":true,"href":"https:\/\/lesamisduspluc.be\/index.php\/wp-json\/wp\/v2\/users\/1"}],"replies":[{"embeddable":true,"href":"https:\/\/lesamisduspluc.be\/index.php\/wp-json\/wp\/v2\/comments?post=281"}],"version-history":[{"count":3,"href":"https:\/\/lesamisduspluc.be\/index.php\/wp-json\/wp\/v2\/pages\/281\/revisions"}],"predecessor-version":[{"id":284,"href":"https:\/\/lesamisduspluc.be\/index.php\/wp-json\/wp\/v2\/pages\/281\/revisions\/284"}],"wp:attachment":[{"href":"https:\/\/lesamisduspluc.be\/index.php\/wp-json\/wp\/v2\/media?parent=281"}],"curies":[{"name":"wp","href":"https:\/\/api.w.org\/{rel}","templated":true}]}}