{"id":314,"date":"2019-03-31T03:45:18","date_gmt":"2019-03-31T01:45:18","guid":{"rendered":"https:\/\/lesamisduspluc.be\/?page_id=314"},"modified":"2019-07-25T14:53:04","modified_gmt":"2019-07-25T12:53:04","slug":"chronique","status":"publish","type":"page","link":"https:\/\/lesamisduspluc.be\/index.php\/chronique\/","title":{"rendered":"Chronique"},"content":{"rendered":"\n<p class=\"has-medium-font-size\"> <strong>Novembre 2018<\/strong> : Par le biais de deux \u00ab canaux \u00bb diff\u00e9rents, nous apprenons que la Fabrique s\u2019est avanc\u00e9e loin dans un processus de pr\u00e9paration \u00e0 la vente de l\u2019\u00e9glise<\/p>\n\n\n\n<p> &#8211; par une discussion avec un paroissien qui nous dit que l\u2019\u00e9glise serait d\u00e9j\u00e0 vendue, que tout serait d\u00e9j\u00e0 fait et que l\u2019on conna\u00eetrait d\u00e9j\u00e0 l\u2019acheteur. Il tiendrait cela d\u2019un de ses voisins qui est membre de la Fabrique de la Coll\u00e9giale !<\/p>\n\n\n\n<p>\n&#8211;\nune paroissienne apprend dans le cadre de son travail qu\u2019un dossier\nsur un projet de 23 appartements et garages \u00e0 am\u00e9nager dans\nl\u2019\u00e9glise se trouve \u00e0 la Province.<\/p>\n\n\n\n<p class=\"has-medium-font-size\"> <strong>2\/12\/2018<\/strong> : Nous rencontrons Mgr Hudsyn qui est de passage \u00e0 la Coll\u00e9giale, nous en profitons pour lui faire part de notre m\u00e9contentement au sujet de ce projet de vente. Nous lui demandons une rencontre avec les paroissiens du St S\u00e9pulcre. Rendez-vous est pris pour le 13\/12 en ses locaux.<\/p>\n\n\n\n<p class=\"has-medium-font-size\"><strong>3\/12\/2018<\/strong> : Nous d\u00e9marrons une p\u00e9tition \u00e0 l&rsquo;intention de Mgr. Hudsyn. Nous choisissons une version papier pour toucher essentiellement les personnes du voisinage et les paroissiens.<\/p>\n\n\n\n<p class=\"has-medium-font-size\"> <strong>13\/12\/2018<\/strong> : Un groupe de 8 paroissiens se rend au Vicariat de Wavre dans le bureau de Mgr Hudsyn. R\u00e9union factuelle en pr\u00e9sence de Mgr Hudsyn second\u00e9 de Mr le doyen Albert-Marie Demoiti\u00e9, et du pr\u00e9sident de la fabrique d\u2019\u00e9glise.<\/p>\n\n\n\n<p> Nous leur avons exprim\u00e9 notre d\u00e9sarroi, notre d\u00e9ception, notre tristesse d\u2019avoir appris que la fabrique d\u2019\u00e9glise depuis plus de 2 ans fait des d\u00e9marches actives et concr\u00e8tes en vue de la pr\u00e9paration \u00e0 la vente de l\u2019\u00e9glise, et ce sans nous avoir impliqu\u00e9s, nous les paroissiens, dans une r\u00e9flexion approfondie \u00e0 propos de notre \u00e9glise.<br> La Fabrique \u00e9tait sur le point de confier l\u2019enti\u00e8ret\u00e9 du cahier des charges \u00e0 la R\u00e9gion Wallonne qui se chargerait du march\u00e9 public et de la vente. Leur id\u00e9e \u00e9tait de finaliser la vente en 2019.<br> Nous avons demand\u00e9 \u00e0 Monseigneur Hudsyn de nous accorder 2, 3 ann\u00e9es pour qu\u2019une r\u00e9flexion approfondie sur le devenir de notre \u00e9glise soit men\u00e9e en toute clart\u00e9 par les paroissiens. Nous aimerions trouver une solution pastorale, et une solution financi\u00e8re pour notre \u00e9glise en vue d\u2019\u00e9viter cette vente&#8230;<\/p>\n\n\n\n<p class=\"has-medium-font-size\"> <strong>16\/12\/2018<\/strong> : On annonce, \u00e0 la fin des messes, qu\u2019il y aura une r\u00e9union le 14 janvier entre la Fabrique et l\u2019EAP (\u00e9quipe d&rsquo;animation paroissiale) \u00ab\u00a0en vue de la mise en place d&rsquo;un espace de communication, d&rsquo;\u00e9coute, de dialogue\u00a0\u00bb\u2026 <strong>Les paroissiens n\u2019y seront pas convi\u00e9s&#8230;<\/strong><\/p>\n\n\n\n<p>Communication de Mr. le Doyen &#8211; Dimanche 16 d\u00e9cembre 2018 :<br> Suite aux bruits divers qui circulent ces derniers temps au sujet de l\u2019avenir de l\u2019\u00e9glise et suite \u00e0 la rencontre de quelques paroissiens avec notre \u00e9v\u00eaque \u00e0 ce sujet la semaine derni\u00e8re, nous allons mettre en place un espace de communication, d\u2019\u00e9coute et de dialogue\u2026 espace o\u00f9 devra \u00eatre abord\u00e9, non seulement l\u2019avenir de l\u2019\u00e9glise, mais celui de toute la paroisse\u2026<br> Dans un premier temps, et uniquement pour d\u00e9terminer les modalit\u00e9s de cet espace, je vais r\u00e9unir d\u00e8s que possible l\u2019Equipe d\u2019Animation Paroissiale et la Fabrique d\u2019\u00e9glise\u2026<br> \u00ab Que devons-nous faire ? \u00bb, demandent les foules \u00e0 Jean-Baptiste dans l\u2019Evangile de ce dimanche. Cette question nous pouvons la poser \u00e0 propos de l\u2019avenir de notre paroisse, et la poser au Seigneur lui-m\u00eame\u2026 : qu\u2019il nous \u00e9claire et nous guide pour que nous puissions discerner ce qu\u2019il attend de nous dans et pour cette paroisse du St S\u00e9pulcre\u2026<\/p>\n\n\n\n<p class=\"has-medium-font-size\"> <strong>9\/1\/2019<\/strong>&nbsp;: Envoi d\u2019une <strong>lettre recommand\u00e9e<\/strong> \u00e0 Mgr Hudsyn (copies \u00e0 Mgr De Kesel, Mr le Doyen, et la Fabrique) accompagn\u00e9e de <strong>300 signatures<\/strong> que nous avons r\u00e9colt\u00e9es parmi les paroissiens, le voisinage de l\u2019\u00e9glise, et d\u2019autres nivellois int\u00e9ress\u00e9s par le patrimoine.<\/p>\n\n\n\n<p class=\"has-medium-font-size\"> <strong>12\/1\/2019<\/strong>&nbsp;: Affichage d\u2019un toute fen\u00eatre<\/p>\n\n\n\n<p class=\"has-medium-font-size\"> <strong>14\/1\/2019<\/strong> : R\u00e9union de la Fabrique d\u2019Eglise avec l\u2019EAP (\u00e9quipe d\u2019animation paroissiale) et le responsable du temporel du Vicariat de Mgr Hudsyn. <strong>R\u00e9union \u00e0 laquelle les paroissiens n&rsquo;ont pas \u00e9t\u00e9 convi\u00e9s !<\/strong><\/p>\n\n\n\n<p class=\"has-medium-font-size\"> <strong>16\/1\/2019<\/strong>&nbsp;: Cr\u00e9ation d\u2019une page Facebook \u00ab&nbsp;Les Amis du Spluc&nbsp;\u00bb et d\u2019un site Internet \u00ab&nbsp;lesamisduspluc.be&nbsp;\u00bb.<\/p>\n\n\n\n<p class=\"has-medium-font-size\"> <strong>1\/2\/2019<\/strong> : R\u00e9ception du courrier r\u00e9ponse de Mgr Hudsyn.<\/p>\n\n\n\n<p class=\"has-medium-font-size\"> <strong>2\/2\/2019<\/strong>&nbsp;: Rencontre avec Mr. le 1<sup>er<\/sup> Echevin Pascal Rigot.<\/p>\n\n\n\n<p class=\"has-medium-font-size\"><strong> 6\/2\/2019<\/strong>&nbsp;: R\u00e9union du comit\u00e9 de quartier Est. Nous nous y invitons.<\/p>\n\n\n\n<p class=\"has-medium-font-size\"> <strong>16\/3\/2019<\/strong> : Rencontre avec Mr. le Bourgmestre Pierre Huart.<\/p>\n\n\n\n<p class=\"has-medium-font-size\"> <strong>19\/3\/2019<\/strong>&nbsp;:  Envoi d\u2019une <strong>lettre recommand\u00e9e<\/strong> \u00e0 Mgr Hudsyn (copie \u00e0 Mgr De Kesel) accompagn\u00e9e des <strong>552 signatures<\/strong> r\u00e9colt\u00e9es jusqu&rsquo;\u00e0 ce jour, pertinentes comme les 300 premi\u00e8res d\u00e9j\u00e0 envoy\u00e9es.<\/p>\n\n\n\n<p class=\"has-medium-font-size\"> <strong>28\/3\/2019<\/strong> : Lancement d\u2019une p\u00e9tition en ligne :  <br><a href=\"https:\/\/lesamisduspluc.be\/index.php\/petition\/\"><strong>Signez la p\u00e9tition !<\/strong><\/a> <\/p>\n\n\n\n<p style=\"background-color:#1b465f\" class=\"has-text-color has-background has-medium-font-size has-luminous-vivid-amber-color\"> <strong>3\/4\/2019<\/strong> : enfin une r\u00e9union o\u00f9 nous esp\u00e9rons un vrai dialogue !  <br>Venez-y nombreux avec vos points de vue&nbsp;! <\/p>\n\n\n\n<p class=\"has-medium-font-size\"> Pendant tout ce temps, 4 mois tout de m\u00eame ! , nous n&rsquo;avons aucune garantie de quoi que ce soit venant des autorit\u00e9s (\u00e9v\u00each\u00e9, doyen, fabrique)&#8230; <\/p>\n\n\n\n<p class=\"has-medium-font-size\">Un retour sur la r\u00e9union ? : voir notre onglet  <br><a href=\"https:\/\/lesamisduspluc.be\/index.php\/retour-sur-le-compte-rendu-de-la-reunion-du-3-avril\/\">https:\/\/lesamisduspluc.be\/index.php\/retour-sur-le-compte-rendu-de-la-reunion-du-3-avril\/<\/a> <\/p>\n\n\n\n<p class=\"has-medium-font-size\"><strong>16\/5\/2019<\/strong> : Deuxi\u00e8me r\u00e9union de paroissiens aupr\u00e8s de Mgr. Hudsyn au Vicariat de Wavre.<\/p>\n\n\n\n<p class=\"has-medium-font-size\"><strong>Juin 2019 : <\/strong>Dans l&rsquo;attente de la r\u00e9ponse de Mgr. Hudsyn, nous informons les paroissiens et le quartier par un toute bo\u00eete intitul\u00e9 \u00ab\u00a0<strong><a href=\"https:\/\/lesamisduspluc.be\/index.php\/compte-rendu-succinct-des-demarches-des-amis-du-spluc\/\">Compte-rendu succinct des d\u00e9marches des \u2018Amis du SPLUC\u2019<\/a><\/strong> \u00ab\u00a0. Nous envoyons au Vicariat une <strong><a href=\"https:\/\/lesamisduspluc.be\/index.php\/ebauche-de-planning\/\">\u00e9bauche de liste de t\u00e2ches \u00e0 accomplir en vue de la restauration de l&rsquo;\u00e9glise<\/a><\/strong>, et en vue de la dynamisation de la paroisse.<\/p>\n\n\n\n<p class=\"has-medium-font-size\"><strong>01\/07\/2019 :<\/strong> <a href=\"https:\/\/lesamisduspluc.be\/index.php\/2019\/07\/01\/communique-du-vicariat-du-brabant-wallon-concernant-leglise-du-saint-sepulcre-et-le-projet-pastoral-du-centre-ville-190629\/\">Communiqu\u00e9 du Vicariat du Brabant wallon&nbsp;: le point de la situation concernant l\u2019avenir de l\u2019\u00e9glise du Saint S\u00e9pulcre \u00e0 Nivelles et du plan pastoral envisag\u00e9 pour le Centre-Ville.<\/a><\/p>\n\n\n\n<p class=\"has-medium-font-size\"><strong>15\/07\/2019 :<\/strong> par d\u00e9cision du bourgmestre Pierre Huart, suite \u00e0 un avis d\u00e9favorable du service incendie, <a rel=\"noreferrer noopener\" aria-label=\"l'\u00e9glise est provisoirement ferm\u00e9e. Seule la chapelle de semaine est maintenue au culte. (s\u2019ouvre dans un nouvel onglet)\" href=\"http:\/\/spluc.be\/Celebrations.html\" target=\"_blank\">l&rsquo;\u00e9glise est provisoirement ferm\u00e9e. Seule la chapelle de semaine est maintenue au culte.<\/a><\/p>\n","protected":false},"excerpt":{"rendered":"<p>Novembre 2018 : Par le biais de deux \u00ab canaux \u00bb diff\u00e9rents, nous apprenons que la Fabrique s\u2019est avanc\u00e9e loin dans un processus de pr\u00e9paration \u00e0 la vente de l\u2019\u00e9glise &#8211; par une discussion avec un paroissien qui nous dit que l\u2019\u00e9glise serait d\u00e9j\u00e0 vendue, que tout serait d\u00e9j\u00e0 fait et que l\u2019on conna\u00eetrait d\u00e9j\u00e0 [&hellip;]<\/p>\n","protected":false},"author":1,"featured_media":0,"parent":0,"menu_order":0,"comment_status":"closed","ping_status":"closed","template":"","meta":[],"_links":{"self":[{"href":"https:\/\/lesamisduspluc.be\/index.php\/wp-json\/wp\/v2\/pages\/314"}],"collection":[{"href":"https:\/\/lesamisduspluc.be\/index.php\/wp-json\/wp\/v2\/pages"}],"about":[{"href":"https:\/\/lesamisduspluc.be\/index.php\/wp-json\/wp\/v2\/types\/page"}],"author":[{"embeddable":true,"href":"https:\/\/lesamisduspluc.be\/index.php\/wp-json\/wp\/v2\/users\/1"}],"replies":[{"embeddable":true,"href":"https:\/\/lesamisduspluc.be\/index.php\/wp-json\/wp\/v2\/comments?post=314"}],"version-history":[{"count":40,"href":"https:\/\/lesamisduspluc.be\/index.php\/wp-json\/wp\/v2\/pages\/314\/revisions"}],"predecessor-version":[{"id":1015,"href":"https:\/\/lesamisduspluc.be\/index.php\/wp-json\/wp\/v2\/pages\/314\/revisions\/1015"}],"wp:attachment":[{"href":"https:\/\/lesamisduspluc.be\/index.php\/wp-json\/wp\/v2\/media?parent=314"}],"curies":[{"name":"wp","href":"https:\/\/api.w.org\/{rel}","templated":true}]}}